st the prime factors of r.
5, 37
Let q(t) = 2*t**3 - 3*t**2 + 2*t. Let u be q(1). Let c(o) = -5*o + 3. Let z be c(u). What are the prime factors of 2/(-2) - z - -78?
79
Suppose 13*v = 4*z + 16*v - 328657, -82135 = -z - 4*v. What are the prime factors of z?
82171
Let h be (-4)/(-34) - (-256)/136. Suppose -h*r - r = -12. Suppose 3*o = -5*i + 247, o + 0*i = -r*i + 87. List the prime factors of o.
79
Let t(b) be the second derivative of b**3/2 + 7*b**2/2 + 8*b. Let r be t(-5). List the prime factors of (-1 - 87)*4/r.
2, 11
Let j = -144 + 148. Suppose j*w = -5*u + 1429, -w + 3*u + 687 = w. List the prime factors of w.
3, 13
Suppose 20*z - 4*z - 1248 = 0. Let n = z + 263. List the prime factors of n.
11, 31
Let d(w) = w**2 + 0*w**2 - 17*w + 6*w. Let f(q) = -q**2 + 11*q. Let p(n) = -5*d(n) - 6*f(n). List the prime factors of p(13).
2, 13
Let f(s) = 9*s + 4. Let q be f(-3). Let y = 24 + q. Suppose a - y - 9 = 0. List the prime factors of a.
2, 5
Let f(g) = 7*g**2 + 49*g + 24. Let n be f(-13). Let z = n - 230. What are the prime factors of z?
2, 5, 17
Let m(s) = -2*s - 18. Let t be m(-9). Suppose t = 9*v - 4*v - 2270. What are the prime factors of v?
2, 227
Let n(p) = -3*p**3 + 53*p**2 - p - 108. What are the prime factors of n(17)?
3, 151
Let k = -248 + 102. Suppose -69*p = -20*p + 13132. Let a = k - p. List the prime factors of a.
2, 61
Suppose -4*s + 67693 = -3*b, 67692 = -189*s + 193*s - 4*b. What are the prime factors of s?
2, 4231
Let a(c) = 2*c**2 - 19*c - 161. Let z be a(15). Suppose z*g = -5*w + 2348, -13 = -4*w + 3. List the prime factors of g.
2, 3, 97
Suppose 134*v - 1404 = 136*v. Let u = v + 1040. List the prime factors of u.
2, 13
Let s = -167 + 174. What are the prime factors of (s - 3)/(-1) + 222?
2, 109
What are the prime factors of -7 + 2*(10 + (-111426)/(-12))?
2, 23, 101
Let l(k) = 4*k + k**2 + 3*k + 13 + 2*k**2 - 4*k**2. Let s be l(8). Suppose -1 = -v, -v + 195 = s*n + 4*v. List the prime factors of n.
2, 19
Let z = 301 - -172. Suppose -3*q + z = -5*c, 4*q - 5*c = 785 - 146. List the prime factors of q.
2, 83
Let l = 4510 + 35312. What are the prime factors of l?
2, 3, 6637
Let s = 33881 + -10355. List the prime factors of s.
2, 3, 1307
Let k be ((-5)/3)/(-1) - (-62)/6. Suppose 0 = 3*a + k, -2*a - 2113 = -4*x + 731. What are the prime factors of x?
709
What are the prime factors of 2 + (-12)/3 + 603060/228?
3, 881
Let k(s) be the first derivative of -s**4/4 + 8*s**3/3 - 5*s**2 + 5*s + 10. Let d be k(4). What are the prime factors of d + (22 + -2)/(-5)?
5
Let d(b) = 22*b**2 + 16*b + 135. List the prime factors of d(-15).
3, 5, 17, 19
Suppose 0 = -5*c + 26*c - 48552. What are the prime factors of (c/(-32))/(2 + 50/(-24))?
3, 17
Suppose -24*l - 31*l + 119646 = -38*l. What are the prime factors of l?
2, 3, 17, 23
Suppose -3*p + n + 2343 + 179 = 0, p - 2*n - 844 = 0. Suppose 30*v = 35*v - p. What are the prime factors of v?
2, 3, 7
What are the prime factors of 1 - 7 - (132796/(-8) + 135/(-90))?
5, 3319
List the prime factors of 123/(-1230) - (-381982)/20.
71, 269
Let y = 349 + -351. What are the prime factors of 3/y*((-30800)/(-24))/(-5)?
5, 7, 11
Let t = 1446 + 12182. What are the prime factors of t?
2, 3407
Suppose -3*w + 2*p - 7847 + 28120 = 0, -5*w + 33775 = -5*p. List the prime factors of w.
6763
List the prime factors of (30/20)/(18/141096).
2, 5879
Suppose -7*t + 8*t + 715 = 0. List the prime factors of ((-24)/(-20))/(-3)*t.
2, 11, 13
Suppose -38 = -4*f + 10*r - 8*r, -5*f + 61 = 2*r. What are the prime factors of 2/(-3)*(f - 80)?
2, 23
Suppose 5*t - 24835 = 8*q - 13*q, -t = 4*q - 4952. Suppose 7*j + 15*j = t. List the prime factors of j.
2, 113
Let b = 277 - 274. Suppose -4446 = -12*u + b*u. List the prime factors of u.
2, 13, 19
Let g(v) be the second derivative of -7*v**6/240 + 5*v**5/24 + 7*v**4/3 - 15*v. Let d(x) be the third derivative of g(x). What are the prime factors of d(-10)?
5, 47
Suppose 3*t - 216 = -153. What are the prime factors of 162/t + -8 + 3434/14?
5, 7
Suppose -6*o - 648 = -2*o. Suppose 4*j + 135 = -5*n + 35, 0 = -3*n + 4*j - 60. What are the prime factors of (n/(-6) + -4)*o?
2, 3
Let f(w) = 3*w**2 - 14 + 27*w - 29 - 3*w. Let u be f(-24). Suppose 8*v - 219 - u = 0. What are the prime factors of v?
2, 83
Let g(r) = 19*r**2 + 8*r + 7. Let c be g(-5). Let q = c + -37. List the prime factors of q.
3, 5
Suppose 0 = 11*x - 391 + 336. What are the prime factors of 27/15*(700/x + 5)?
3, 29
Let g be -2 - (-3 + 3 - 1*6). Let n be g - 1 - (-1 + 3 + 82). Let u = 99 - n. What are the prime factors of u?
2, 3, 5
Let q(h) = -6*h**2 + 5*h - 5 + h**2 + 10 + 10. Let m be q(-7). Let n = 372 + m. What are the prime factors of n?
107
Let o be -4 - 7/(7/(-1438)). Let t = -972 + o. List the prime factors of t.
2, 3, 7, 11
Let j(i) = i**2 + 2*i - 8. Suppose 2*b - 3 + 11 = 0. Let a be j(b). Suppose 3*g = 5*k - 1108, 3*g = -a - 3. What are the prime factors of k?
13, 17
Let l(x) = 2*x**3 - 8*x**2 - 11*x + 46. Let u be l(6). Let y = 615 - u. What are the prime factors of y?
491
Suppose -362*g + 560 = -358*g. What are the prime factors of g?
2, 5, 7
Let r(p) be the third derivative of 59*p**4/24 - 31*p**3/6 - 12*p**2 - 4. List the prime factors of r(14).
3, 5, 53
Let f be (-7)/14 + 2 + (-542)/(-4). Suppose 243 = -2*h - f. List the prime factors of h/((3 + -1)*-1).
5, 19
Let q(z) = -5 - z**2 - 19 + 9 - 9*z. Let s be q(-6). Suppose -408 = -4*v - 4*f, -4*v - s*f + 436 = -6*f. What are the prime factors of v?
2, 53
Suppose 0 = -2*n - 2*x + 774, 3*n = -n - 3*x + 1552. List the prime factors of 75/(-18) + 4 - n/(-6).
5, 13
Suppose 0 = -23*o + 18*o + 25. Suppose 3*x + 2*l = -17, 5*x - 6*x + o*l = -17. List the prime factors of 4 + (-8)/x*(-375)/(-4).
2, 127
Let z = -1 - 0. Let u(l) = 89*l**3 - 2*l**2 - 88*l + 182. Let x be u(2). What are the prime factors of (z + -2)/((-30)/x)?
71
Suppose 3192 = -4*b + 4*i, -4*b + 6*b + 1587 = 5*i. Let t = 259 - b. What are the prime factors of t?
2, 5, 53
Let d(r) = r**2 - 6*r + 4. Let n be d(3). Let s(u) = -2*u**2 - 11*u - 4. Let i be s(n). Let g(o) = 63*o - 3. List the prime factors of g(i).
2, 3, 5
Let h(s) = -155*s + 293. List the prime factors of h(-45).
2, 23, 79
Let n(a) = -a**3 + 10*a**2 - 23*a - 14. Let x be n(5). Let v = 21 + -9. List the prime factors of -489*x/v + 3.
2, 83
List the prime factors of (-1894 + 0)/((-3145)/(-918) - (-35)/(-10)).
3, 947
Let w(v) = -44*v**3 - 2*v - 42*v**3 + 87*v**3 - 4*v**2 + 4 - 2. Suppose 3*s - 15 = -0. List the prime factors of w(s).
17
Let f be -1095*(2 - (-3 + 16/3)). Let p = f - 92. List the prime factors of p.
3, 7, 13
Suppose -37*d + 35*d + 18 = 0. Suppose -5*t + 2*m + d = -2*t, -5*t + 22 = -m. What are the prime factors of (-10)/t*628/(-8)?
157
Let h be ((-34)/(-68))/((2/(-824))/(-1)). Let f = -152 + h. List the prime factors of f.
2, 3
What are the prime factors of ((-2058)/(-24) + -8)/((-1)/(-16))?
2, 311
Suppose -27*v + 33*v = 36. Suppose -v*u + 1592 - 194 = 0. Let i = u - 117. What are the prime factors of i?
2, 29
Let n(w) = w**2 - 51*w - 2*w**2 + 13 + 15 - 21. What are the prime factors of n(-48)?
151
Let n be (1*3)/(-36 + 37). Suppose -a + 5*w = -74, -141 - 145 = -n*a - w. What are the prime factors of a?
2, 47
Suppose -88870 + 954150 = 130*h. List the prime factors of h.
2, 13
Suppose -145*q + 548340 = -31*q. What are the prime factors of q?
2, 5, 13, 37
Let n(l) = -7*l + 37. Let f be n(5). Suppose 13*h - 810 = -f*u + 8*h, -2*h - 1253 = -3*u. What are the prime factors of u?
5, 83
Suppose 280 = -d - 5*l, -d + 3*l = 2*d + 786. Let g = 522 + d. What are the prime factors of g?
257
Suppose 4*i - 5*h = 7626, 29*i + 5*h - 7606 = 25*i. List the prime factors of i.
2, 7, 17
Let i = -1276 + 6428. List the prime factors of i.
2, 7, 23
Let v = 1235 + -765. Suppose 7*p - 6*p = v. What are the prime factors of p?
2, 5, 47
Suppose -770*l + 765*l + 10 = 0, 5*t - 3*l - 67309 = 0. List the prime factors of t.
13463
Let b = 965 + -549. Let a = b + -252. List the prime factors of a.
2, 41
Let u(n) = n**2 + 149*n - 79*n - 78*n - 19. List the prime factors of u(17).
2, 67
Let h(w) = 48*w**2 - 33*w + 210. List the prime factors of h(9).
3, 7, 181
Let d(p) = -7*p**2 - 19*p + 1231. Let j(i) = 11*i**2 + 27*i - 1846. Let k(g) = 8*d(g) + 5*j(g). List the prime factors of